 by 33?
29
Calculate the remainder when 5829 is divided by 72.
69
Calculate the remainder when 152 is divided by 52.
48
What is the remainder when 123 is divided by 19?
9
Calculate the remainder when 822 is divided by 69.
63
What is the remainder when 797 is divided by 32?
29
What is the remainder when 918 is divided by 4?
2
Calculate the remainder when 2174 is divided by 88.
62
What is the remainder when 361 is divided by 28?
25
What is the remainder when 184 is divided by 48?
40
Calculate the remainder when 137 is divided by 12.
5
What is the remainder when 13499 is divided by 43?
40
What is the remainder when 190 is divided by 48?
46
Calculate the remainder when 331 is divided by 37.
35
What is the remainder when 260 is divided by 239?
21
What is the remainder when 699 is divided by 117?
114
What is the remainder when 4210 is divided by 108?
106
What is the remainder when 127 is divided by 19?
13
Calculate the remainder when 918 is divided by 26.
8
What is the remainder when 24 is divided by 1?
0
Calculate the remainder when 219 is divided by 73.
0
What is the remainder when 454 is divided by 177?
100
What is the remainder when 210 is divided by 63?
21
Calculate the remainder when 3309 is divided by 46.
43
Calculate the remainder when 3704 is divided by 265.
259
What is the remainder when 350 is divided by 16?
14
Calculate the remainder when 149 is divided by 54.
41
What is the remainder when 988 is divided by 30?
28
What is the remainder when 1241 is divided by 371?
128
Calculate the remainder when 108 is divided by 46.
16
Calculate the remainder when 1831 is divided by 47.
45
Calculate the remainder when 330 is divided by 65.
5
Calculate the remainder when 173 is divided by 78.
17
Calculate the remainder when 277 is divided by 159.
118
What is the remainder when 281 is divided by 91?
8
Calculate the remainder when 433 is divided by 136.
25
Calculate the remainder when 79 is divided by 22.
13
What is the remainder when 1798 is divided by 17?
13
What is the remainder when 545 is divided by 6?
5
What is the remainder when 172 is divided by 35?
32
Calculate the remainder when 166 is divided by 16.
6
What is the remainder when 1834 is divided by 455?
14
What is the remainder when 620 is divided by 17?
8
Calculate the remainder when 71 is divided by 33.
5
What is the remainder when 1572 is divided by 518?
18
Calculate the remainder when 1614 is divided by 60.
54
Calculate the remainder when 114 is divided by 29.
27
Calculate the remainder when 1300 is divided by 163.
159
What is the remainder when 2039 is divided by 127?
7
What is the remainder when 140 is divided by 111?
29
Calculate the remainder when 31 is divided by 7.
3
Calculate the remainder when 6607 is divided by 10.
7
What is the remainder when 455 is divided by 125?
80
Calculate the remainder when 1775 is divided by 74.
73
Calculate the remainder when 327 is divided by 10.
7
Calculate the remainder when 1134 is divided by 4.
2
Calculate the remainder when 64 is divided by 19.
7
Calculate the remainder when 2756 is divided by 460.
456
Calculate the remainder when 309 is divided by 79.
72
What is the remainder when 747 is divided by 15?
12
Calculate the remainder when 46195 is divided by 87.
85
What is the remainder when 1230 is divided by 14?
12
Calculate the remainder when 2310 is divided by 68.
66
Calculate the remainder when 9 is divided by 3.
0
What is the remainder when 1799 is divided by 31?
1
What is the remainder when 295 is divided by 39?
22
Calculate the remainder when 699 is divided by 19.
15
Calculate the remainder when 6596 is divided by 11.
7
Calculate the remainder when 157 is divided by 75.
7
Calculate the remainder when 4555 is divided by 47.
43
What is the remainder when 630 is divided by 125?
5
Calculate the remainder when 224 is divided by 33.
26
Calculate the remainder when 2363 is divided by 13.
10
Calculate the remainder when 70 is divided by 12.
10
What is the remainder when 220 is divided by 112?
108
What is the remainder when 316 is divided by 18?
10
What is the remainder when 662 is divided by 83?
81
What is the remainder when 73 is divided by 17?
5
What is the remainder when 316 is divided by 29?
26
Calculate the remainder when 235 is divided by 12.
7
Calculate the remainder when 94 is divided by 16.
14
What is the remainder when 26 is divided by 1?
0
Calculate the remainder when 210 is divided by 68.
6
Calculate the remainder when 69 is divided by 32.
5
What is the remainder when 484 is divided by 58?
20
What is the remainder when 187 is divided by 91?
5
What is the remainder when 3018 is divided by 1006?
0
What is the remainder when 171 is divided by 32?
11
What is the remainder when 459 is divided by 156?
147
What is the remainder when 302 is divided by 16?
14
What is the remainder when 713 is divided by 121?
108
What is the remainder when 3910 is divided by 558?
4
Calculate the remainder when 1100 is divided by 337.
89
Calculate the remainder when 41 is divided by 32.
9
What is the remainder when 118 is divided by 51?
16
What is the remainder when 833 is divided by 99?
41
Calculate the remainder when 37 is divided by 22.
15
What is the remainder when 378 is divided by 181?
16
Calculate the remainder when 8256 is divided by 916.
12
What is the remainder when 545 is divided by 247?
51
What is the remainder when 91 is divided by 42?
7
What is the remainder when 66 is divided by 24?
18
What is the remainder when 1021 is divided by 147?
139
What is the remainder when 398 is divided by 50?
48
What is the remainder when 361 is divided by 28?
25
What is the remainder when 289 is divided by 92?
13
Calculate the remainder when 166 is divided by 31.
11
What is the remainder when 4765 is divided by 227?
225
Calculate the remainder when 2377 is divided by 26.
11
Calculate the remainder when 6783 is divided by 212.
211
What is the remainder when 81 is divided by 48?
33
Calculate the remainder when 538 is divided by 103.
23
What is the remainder when 113 is divided by 16?
1
Calculate the remainder when 2615 is divided by 19.
12
Calculate the remainder when 876 is divided by 13.
5
What is the remainder when 926 is divided by 9?
8
What is the remainder when 120 is divided by 11?
10
Calculate the remainder when 592 is divided by 33.
31
Calculate the remainder when 1216 is divided by 102.
94
Calculate the remainder when 183 is divided by 75.
33
Calculate the remainder when 477 is divided by 24.
21
What is the remainder when 465 is divided by 126?
87
What is the remainder when 677 is divided by 223?
8
Calculate the remainder when 31 is divided by 5.
1
Calculate the remainder when 29 is divided by 10.
9
Calculate the remainder when 4043 is divided by 52.
39
Calculate the remainder when 22 is divided by 10.
2
Calculate the remainder when 55 is divided by 7.
6
Calculate the remainder when 13857 is divided by 21.
18
Calculate the remainder when 578 is divided by 567.
11
Calculate the remainder when 61 is divided by 21.
19
Calculate the remainder when 1077 is divided by 266.
13
Calculate the remainder when 234 is divided by 59.
57
What is the remainder when 711 is divided by 352?
7
What is the remainder when 179 is divided by 70?
39
Calculate the remainder when 1022 is divided by 114.
110
Calculate the remainder when 395 is divided by 18.
17
Calculate the remainder when 3229 is divided by 101.
98
What is the remainder when 1094 is divided by 304?
182
Calculate the remainder when 1176 is divided by 20.
16
What is the remainder when 721 is divided by 21?
7
What is the remainder when 107 is divided by 25?
7
What is the remainder when 1004 is divided by 126?
122
What is the remainder when 392 is divided by 241?
151
What is the remainder when 172 is divided by 39?
16
What is the remainder when 90 is divided by 4?
2
What is the remainder when 163 is divided by 32?
3
Calculate the remainder when 387 is divided by 13.
10
What is the remainder when 5046 is divided by 337?
328
What is the remainder when 945 is divided by 11?
10
Calculate the remainder when 213 is divided by 175.
38
Calculate the remainder when 106 is divided by 39.
28
What is the remainder when 10879 is divided by 272?
271
Calculate the remainder when 614 is divided by 189.
47
Calculate the remainder when 94 is divi